erivative of p**5/60 - p**4/12 + p**3/2 - p**2. Let z be i(u). Calculate the greatest common factor of z and 2.
2
Let o(u) = 30*u + 3. Let g be o(2). Calculate the greatest common divisor of 504 and g.
63
Let s(m) = m**3 + 5*m**2 + 5*m - 2. Let y be s(-4). Let x(w) = 2*w**2 + 11*w + 5. Let q be x(y). What is the greatest common divisor of 55 and q?
11
Let y(t) = -8*t. Let c(f) = 3*f. Let h(u) = -14*c(u) - 5*y(u). Let p be h(-2). What is the greatest common factor of p and 6?
2
Suppose -3*a + 4*a = 1. Calculate the highest common factor of 5 and a.
1
Let y(b) = b**3 - 2*b**2 - 3*b - 3. Let t be y(3). Let f = 16 + t. Calculate the highest common divisor of f and 143.
13
Let u be (2 + 6)*2 + 4. Let w be ((-4)/2)/2 + 3. Suppose w*t = -t + 300. What is the highest common divisor of u and t?
20
Suppose 2*i - i = -a + 10, 5*i - 14 = a. Suppose -21 = -q - 0*q. Let v be (q/a)/((-1)/(-10)). What is the greatest common divisor of 14 and v?
7
Suppose o = 7 - 4. Suppose -13 = -5*c - o. Let s = 18 + -2. What is the greatest common factor of c and s?
2
Suppose 125 = 3*v + u - 6*u, v + 5*u - 35 = 0. Suppose -l = -2*l + v. What is the highest common divisor of l and 8?
8
Let r be ((0 - 1)*941)/(-1). Suppose 3*i = -2*n - 285 + r, 4*i - 878 = -n. Calculate the highest common divisor of i and 22.
22
Suppose -4*f = -6*f + 22. Calculate the greatest common divisor of 55 and f.
11
Let a be (24/10)/((-9)/(-120)). Let w be (-8)/28 + a/14. Suppose 0 = -7*j + w*j + 275. What is the greatest common factor of 11 and j?
11
Suppose 0*p + 28 = -2*p. Let s be (-340)/(-28) + 2/p. Calculate the highest common divisor of 24 and s.
12
Suppose 5*r - r - 280 = 0. Calculate the highest common factor of r and 7.
7
Let c = 4 - -16. Let v be (-19)/(-4) - (-1)/4. What is the highest common factor of v and c?
5
Let x(o) = -o**3 + 5*o**2 - 5*o + 3. Let a be x(4). Let p be (-1 - -1) + 73 + a. Calculate the greatest common factor of p and 9.
9
Let g(j) = j**2 + 12*j. Let y be g(-12). Suppose -5 = -w - y. Calculate the highest common factor of 10 and w.
5
Let s(y) = 10*y**2 + 2*y - 16. Let b be s(3). Calculate the highest common factor of 40 and b.
40
Suppose -5*w - 20 = -0*w. Let o(p) = 13*p + 4 - 11*p - 18*p - 29*p. Let u be o(w). Calculate the greatest common factor of u and 23.
23
Let f = 31 - 28. What is the greatest common factor of 3 and f?
3
Let v be -6*(-3)/18*440. Calculate the highest common divisor of 40 and v.
40
Suppose -3*a - g = -23, -2*a - 3*a + 3*g = -57. Let r be 2/6 - (-15)/a. Suppose 2*i = -8, 7*m = r*m - 5*i + 100. Calculate the highest common factor of 3 and m.
3
Let a be ((-22)/(-4))/((-6)/(-12)). Let b(u) = u**2 - 8*u - 7. Let r be b(-8). What is the highest common factor of a and r?
11
Let d = -51 - -57. What is the highest common divisor of d and 2?
2
Suppose -22 = -2*r + 2*a, -40*r - 31 = -42*r - a. Let d be 26 - -2*2/2. What is the greatest common factor of r and d?
14
Suppose 3*d + 4 = 4*d. Calculate the highest common factor of d and 36.
4
Let a = -6 - -4. Let o be 3 - (6/3)/a. What is the highest common factor of 32 and o?
4
Suppose -4*v = -3*y - y + 996, -5*y - 2*v = -1266. What is the greatest common factor of 28 and y?
28
Let h(o) = o**3 - o + 3. Suppose -y = y. Let s be h(y). Calculate the highest common divisor of 3 and s.
3
Suppose 2 = 3*v - 58. Suppose -4*z - 3*c - 8 = -v, -z + 3 = 2*c. Let q = -16 - -37. Calculate the greatest common factor of z and q.
3
Let f be (-6)/(-27) - (-788)/18. Let i = f + -31. Let q = -8 + i. What is the greatest common factor of q and 15?
5
Suppose 120 = t + 4*t. Suppose 0*d = 4*d - t. Suppose p + 0*p = d. What is the greatest common divisor of p and 18?
6
Let z(t) = -105*t**3 - t**2 + 1. Let b be z(-1). Suppose 0*i - b = -5*i. Calculate the highest common factor of 63 and i.
21
Suppose 2*i = -2*o + 11 + 165, -4*i = 5*o - 356. What is the highest common divisor of 14 and i?
14
Suppose 0 = -2*g + 6*g. Suppose 2*n - 61 = -3*n + 4*c, n + 5*c + 11 = g. What is the greatest common factor of 81 and n?
9
Suppose -4*t + 148 = -2*t. Suppose 15 = -3*g, 3*q - t = 4*g - 9*g. Calculate the greatest common divisor of q and 22.
11
Suppose w - 3*p = 6*w - 106, -4*p = -8. What is the greatest common divisor of 20 and w?
20
Let j be 1/(-2 - (-2133)/1068). Let p = -65 + j. Let k = -234 - p. What is the highest common divisor of 17 and k?
17
Let g(m) = 245*m**2 + 4*m + 1. Let b be g(-1). Calculate the highest common divisor of 22 and b.
22
Let w = -12 - -8. Suppose -6*f - 16 = -7*f. Let i be ((-3)/w)/(1/f). Calculate the greatest common factor of 84 and i.
12
Let r = 64 + 21. Suppose 0 = -3*u + 13 + 161. Suppose h - u = -3*o - 7, 5*h = 0. What is the highest common factor of o and r?
17
Suppose -175 - 23 = -3*o. Suppose 3*n - 255 + 66 = 0. Suppose 0 = -5*y + 4*j + n, y = 5*y + 2*j - o. Calculate the highest common divisor of 15 and y.
15
Let i(a) = -a**3 - 12*a**2 - a + 16. Let m be i(-12). Calculate the greatest common divisor of 28 and m.
28
Suppose -d + 17 + 69 = 0. Let s = d + -32. What is the highest common divisor of s and 6?
6
Suppose -4*i + 103 = -57. Let a = 7 - 0. Suppose 5*k = q + i, -a = -5*k - 3*q + 53. Calculate the highest common factor of k and 9.
9
Suppose y - 4 = -0*y - 3*l, 2*l = -5*y + 46. Let i be 2/5 + 296/y. Let r(k) = 44*k**2 + 11*k - 10. Let v be r(1). What is the highest common divisor of i and v?
15
Let h be (-16)/(-9) - 4/(-18). Let t(k) = 4*k**2 - k + 1. Let s be t(h). Calculate the greatest common factor of 120 and s.
15
Let n be 486/8 + 2 - 13/(-52). What is the highest common factor of 9 and n?
9
Suppose 3*m - 45 = -0*g + 3*g, 0 = -g + 5*m - 27. Let z = g + 20. What is the highest common divisor of 88 and z?
8
Let t(h) = 7*h + 1. Let a be t(1). Calculate the greatest common divisor of a and 88.
8
Let w be 14/(-63) - (-1588)/18. Calculate the greatest common divisor of w and 22.
22
Suppose -64 = -3*z + 26. Calculate the highest common factor of 6 and z.
6
Let d = 6 + -8. Let x = d + 8. Calculate the greatest common factor of x and 4.
2
Let p be 2/(-5) - (-134)/10. Let i(j) = -4*j + 192. Let n be i(35). Calculate the highest common divisor of p and n.
13
Suppose -4*j = 3*y + y - 336, -5*y + 4*j + 456 = 0. Calculate the greatest common divisor of y and 11.
11
Let f(o) = -o**3 - 3*o**2 + 7*o + 7. Let v be f(-5). Let j be -33*((-6)/(-9) - 1). What is the highest common factor of j and v?
11
Let c = -2 - -4. Let h(g) = 2*g**c - 2*g**2 + g**2 + g - 7. Let f be h(-5). Calculate the greatest common divisor of 26 and f.
13
Let w = -109 + 224. Let a = 6 - 2. Suppose 0 = -a*z + 42 + 50. What is the highest common factor of w and z?
23
Let x = 62 + -36. Calculate the greatest common divisor of 104 and x.
26
Let k = -23 - -15. Let b(y) = -y**2 - 11*y - 12. Let l be b(k). What is the highest common divisor of 12 and l?
12
Let v(x) = 4*x - 1. Let m be v(5). What is the highest common divisor of m and 38?
19
Let w be (2/3)/(2/9). Let z(h) = 3*h**2 + 3*h + 3. Suppose 2*m - 15 = 2*x + 5*m, -2*m = 6. Let t be z(x). What is the highest common factor of t and w?
3
Suppose 0 = 3*n + n - 52. Calculate the highest common divisor of n and 104.
13
Let x(r) = 4*r**2 - 4*r + 3. Let v be x(1). Let k = 19 + -17. Calculate the greatest common divisor of k and v.
1
Suppose -5*a - 3*t = -163, 5 - 3 = 2*t. What is the greatest common divisor of a and 4?
4
Let s be 6670/22 + (-4)/22. Suppose 0 = -4*h + 2*x - 3*x + s, -4*x = -h + 97. What is the highest common factor of h and 11?
11
Let z be -7*(12/(-14) + 0). Let x be (-2 - z/(-3)) + 2. Calculate the greatest common factor of x and 5.
1
Suppose -130*x = -126*x - 880. Calculate the greatest common factor of 22 and x.
22
Let x be (43 - (2 + 6))*1/1. Calculate the greatest common divisor of 5 and x.
5
Let r = 17 + -5. Suppose 1 = -t + r. Let l(m) = 11*m. Let i be l(5). Calculate the highest common divisor of i and t.
11
Let l be (-2)/(-8) - 62/(-8). Suppose -3*g = c - 3 + 11, 3*c = 2*g - 13. Let o be (g + -3)*(-12)/1. What is the greatest common divisor of o and l?
8
Let h(z) = 18*z. Let m be h(1). Suppose c - 8 - 7 = -4*x, 0 = 2*c - 4*x - m. What is the highest common factor of 1 and c?
1
Let w(d) = 1 + 4*d - 1. Let u be w(5). Calculate the highest common divisor of 10 and u.
10
Let v(a) = -2*a*